94 - 7 - (-3385 - -3578).
-106
-27 + 32 + -1 + 8 + -9 + 5
8
Calculate 5 + -8 - -25 - (-2 + 5 + -6).
25
What is the value of -24 - ((35 - 70) + -18)?
29
Calculate -5 - (18 - (9 + (13 - (7 - 7)))).
-1
Evaluate (-14 - 4 - -9) + 2 + 20 - (-48 - 12).
73
What is 14 - ((55 - -29) + -16 + -2)?
-52
What is 6 - (97 + 18 + -22 + 26 + -46)?
-67
What is the value of -46 - 62 - -34 - -11?
-63
Evaluate (48 - 61) + -36 + 3 + 1.
-45
(26 - (-49 - (-46 + 4))) + -16
17
What is the value of (-94 - -13) + (110 - -34)?
63
Calculate (35 - 61 - -17 - (-16 - (-3 + 1))) + -60.
-55
What is (-2304 - -2326) + (18 - 0)?
40
What is (14 - -7) + -48 - (2 - -2)?
-31
What is -49 + (30 - 19) - (7 - 34)?
-11
-1 + 9 + 9 + (26 - (-9 - -9)) + 8
51
Calculate (2 - -26 - 103) + -6 + -1 - (-7 + 0).
-75
What is 40 + 14 - (-13 - -30 - 4)?
41
Evaluate 15 - (-70 + 147 - -12).
-74
Calculate -2309 + 2133 + (18 - 1) - -38.
-121
Calculate -41 - (-59 + 34) - 30.
-46
Calculate 12 - 3 - 28 - (105 - 138).
14
What is 4 + (-14 + -15 - 0) - 18?
-43
What is the value of -833 + 855 + 0 + -44 - ((-2 - -5) + -9)?
-16
What is the value of (35 - 59) + -4 + 29 + (-100 - (-3 - -2))?
-98
Evaluate 42 + -50 - (20 - (5 + -5)).
-28
What is -2 + -1 + (-7 - 36 - (112 + -109))?
-49
-135 + 271 - (113 + -43)
66
What is the value of 51 - 41 - 25 - (-4 - (60 + 3))?
52
What is -912 + 876 - (-44 - 0) - 37?
-29
What is the value of (-43 - (8 - 23)) + (2 + 0 - 5 - -3)?
-28
Evaluate 6 - (-1 + 67 + 1308 + -1327).
-41
18 + (27 - (70 + -2)) + -14 + 29
-8
What is the value of -4 - (18 + (-23 - (-11 - 0)))?
-10
Evaluate 20 + (-25 - -4) + 76 + -45.
30
Evaluate -756 + 767 - (-2 + 4 + 15) - 39.
-45
What is -1 + -2 - ((25 - 31) + -42 - 17)?
62
Calculate -37 + (2 - -4) + -10 + 4 - 5.
-42
-17 + -27 + 25 + (1 - -63)
45
16 + 0 + (-384 - -378) + 4 + -69 + -2
-57
Evaluate 45 + -35 + (58 - 56).
12
What is 48 + (4 - 1 - 12) + (-29 - (30 - 63))?
43
Calculate -417 + 415 - (0 + (-1 - -16)) - 18.
-35
Evaluate -31 - (-1 - 11 - (-32 - -24)).
-27
-33 - (1 - 4 - 15) - (0 + -1)
-14
What is the value of 0 - 11 - ((100 - 76) + 18)?
-53
What is -42 + 99 + (22 - (-11 - -9))?
81
What is 1 - 11 - (-1898 + 1863)?
25
(488 - 525) + (2 + 4 - 21)
-52
0 + 0 + 15 + -11 + (-11 - -6) + 86
85
(4 - 6) + 7 + (-5 - ((-3 - -20) + 1))
-18
-13 + (7 + -1 - -32) + 0 + 21
46
Calculate 32 + -4 + (16 - 34) + -19.
-9
What is the value of -21 - (90 - 47 - -3)?
-67
Evaluate -64 + (83 - (-60 + -1)).
80
13 - (-6 - -41 - (-15 - -36))
-1
3 + (8 - 29) + (-15 - -6)
-27
(-6 + 10 - (22 + 19)) + 29
-8
-3 + 80 + -11 + -30
36
What is the value of 16 - (-4 + 6) - (-6 + (161 - (14 + 0)))?
-127
Evaluate (120 + -81 - 51) + (9 - -1).
-2
Evaluate 9 + 1 - (-354 - (142 + -487)).
19
Evaluate -4 + (-1 - 2) + 60 + 55 + -50.
58
Evaluate 11 + (-22 - -17 - 4) + -77 + (2 - 1).
-74
Evaluate -30 - (-45 - -89 - (5 + 17)).
-52
What is 11493 - 11474 - (-3 + -34 + 1 + 0)?
55
Evaluate (-1 - 13) + -1682 + 1655.
-41
What is the value of (-15 - -1) + 24 + -30 + -23 - (-2 + 3)?
-44
Evaluate (63 - -6) + -63 - (3 + -3 + 45).
-39
Evaluate -13 - -98 - (-769 - -810).
44
Calculate 1 - -1 - (7 + (-109 - -105)).
-1
Evaluate 3 + -6 + (8 - -6) + -17 + (62 - -1).
57
4 - (-5 - 2) - (-33 - (7 - 9))
42
(-1 - -2) + (-7 - (0 + (-34 - -36)))
-8
13 + (-113 - 12) + -124 + 151
-85
Calculate 1 + 101 + -67 + 59.
94
What is the value of (23 - (29 + 137)) + 125?
-18
-46 - (-3 - ((-3 - (14 - 8)) + 15))
-37
What is (-26 - -64) + (-3 + 4 - -29)?
68
-73 + (338 - (-112 + 246))
131
55 + -28 - -7 - 48
-14
What is the value of 5 - -13 - (49 + 47 + -116)?
38
Calculate -5 - 24 - -23 - 5 - (-15 - 1).
5
Calculate (48 - 17) + -16 + -15.
0
What is (0 - -1) + (130 - (342 - 101))?
-110
What is the value of 10 + -17 - 32 - -45?
6
139 - (-135 + 52 - -132)
90
Evaluate (17 - 0) + (398 + -370 - (5 + -41)).
81
What is the value of -2 + -8 - ((-30 - -3) + 27) - -24?
14
Evaluate (-45 - -11 - (-118 + 9)) + 12.
87
-6 - (1 + -1 - (-3 + 1)) - (48998 + -49057)
51
Evaluate 18 - (-21 + -53 + 49).
43
Calculate -10 - (24 - (-10 + 24)) - -52.
32
Evaluate (-55 - 1) + -296 + 313.
-39
Calculate 2 + 7 + (13 - 7 - 13).
2
What is -15 - (-58 + (13 - 27 - -14) + 9)?
34
What is 1 + -11 + 43 + -30 + -41 + (4 - 3)?
-37
(13 - (17 + -28)) + 9 + -23 + (-58 - -8)
-40
What is the value of (17 + -5 + 5 - 10) + -26?
-19
What is the value of 34 + -1 + (-23 - -27) + -164 + 166?
39
Calculate 3 + -58 - (-76 + 17 + 61 + (-1 - 15)).
-41
Calculate -8 + (51 - (9 - 5)) - (95 + -90).
34
What is the value of (-1 - -85) + (72 - 74) + (17 - -1)?
100
What is 14 + 1 + (-12 - 66 - -108)?
45
What is 160 + -146 - (111 + -39)?
-58
What is (-3 - 1) + (14 + -8 - (43 - 27))?
-14
Calculate -21 - (18 - (24 + 15)) - 3.
-3
What is the value of -4 - 8 - (-97 - ((-10 - 5) + 7))?
77
-3 + (-6 + -4 - -9 - 1) - (-42 + 14)
23
-75 - (7 + -5 + (-4 + 3 - 13) + 14)
-77
Calculate -1 + (-3 - -2) + 4 - (44 + -53).
11
Calculate (1434 - 1457) + 1 + -28 + 113.
63
Evaluate 36 + (-2 - -2) - (85 + -19 + -62).
32
Calculate 1 - (-2 + 0) - ((-13 - -49) + -41).
8
Calculate 132 + (133 - 229) + -35 + 0.
1
What is -14 - (0 - (-3 - -141) - (244 - 254))?
114
What is the value of -68 - (-40 - -39 - 17)?
-50
Evaluate (1 - (-13 - -21)) + -39.
-46
(6 - 22) + 7 + -11 - -19
-1
Evaluate (65 - 54) + (6 - (-1 + 0 + (-115 - -37))).
96
What is (-42 - 84 - -56) + (7 - 11)?
-74
Calculate -20 + (67 - (-16 + 40)).
23
42 + (19 - (-26 + 90))
-3
1 + (13 - 1) + -1 + (293 + 78 - 314)
69
Evaluate -8 - -14 - (-14 + 17 - 1 - -37).
-33
What is (6 - (7 + 2) - (3 - -1)) + (45 - 99)?
-61
Calculate -1 - (51 - 14 - 22).
-16
What is -2 + 49 + (0 + 16 + -192 + 181 - -2)?
54
Calculate (17 - 3) + 3 + -49 - -23.
-9
Evaluate -201 - -233 - 136 - (-17 - (2 + -1)).
-86
Evaluate 0 + -1 - (13 + (-5 - (14 - -6))).
11
What is the value of -65 - (-39 - 17) - (0 + -6) - (-26 + -1)?
24
What is the value of 11 + -15 + 37 + -85 + -2?
-54
(20 - 61) + -75 + 132
16
What is the value of (-1 - 40) + -264 + 302?
-3
Calculate (6 - 17) + (17 - (-55 - -25)).
36
Evaluate -3 - (-1 + -2 + -5 + 14 + -7 + 56).
-58
Evaluate 12 - -2 - (-313 - -308) - 47.
-28
What is 4 - 23 - (-38 + (75 - 26))?
-30
Calculate 98 + 7 + 808 + -834.
79
Calculate (1 - (-13 - -3)) + (-28 - -26) + (30 - 5).
34
Calculate 229 + -102 + -104 - -33.
56
What is -35 - (-1 - 71) - 44?
-7
Evaluate 15 - -6 - (63 + -40).
-2
Calculate 20 + (-23 - (-24 + 36) - 30).
-45
What is -3 + 1 + 0 + -4319 + 4382?
61
19 - (-3 + -47 + 46)
23
(95 - (13 + 1)) + (1 - 7) + 11 + -7
79
What is the value of -17 - -30 - (11 - 11 - -20)?
-7
Evaluate -41 + 30 + 86 - -29 - -11 - (-1 - -11).
105
Evaluate 5 - (-16 + 81 + -20 - 8).
-32
(-1 - -73 - (71 - 36 - 21)) + 3
61
Calculate 1 - 0 - (-10 + (14 + (3 - 19) - -14)).
-1
Evaluate -1 - -26 - (86 - 77) - (-1 + -4).
21
What is (-8 - 8) + (1 - (-20 - 0))?
5
Calculate (-65 - 1) + (11 - -61) + -50.
-44
What is the value of -46 - (-50 - -41 - 33)?
-4
What is -6 + -12 - (7 + -15 + 42)?
-52
Evaluate 13 + 55 + -15 + -98.
-45
-7 + (7 - -5) + (4 + 3 + -5 - 7)
0
Calculate 9 + -1 - (-6211 + 6168).
51
Calculate (10 - 1 - (21 - (32 + -9))) + 83 + -58.
36
What is the value of (28 - 30) + 43 + -51 + (58 - -1)?
49
Calculate 12 + (-10 - (-18 + 89)) - -47.
-22
Calculate -11 + (21 + (24 - (4 - 20)) - 0).
50
-20 + (5 - 2 - (-9 + 3)) + -4
-15
What is the value of ((-26 - -41) + 6 - 130) + 13?
-96
(25 + -120 - -5) + 46
-44
What is the value of -212 + 235 + (-15 - 50)?
-42
What is 67 - (-41 + 198) - -48?
-42
Calculate (14 - 2 - (170 - 180)) + -1 + -14.
7
What is 12 + (17 - (24 + 31 - 37))?
11
Calculate 3 - (2 + (-1 - 17)).
19
35 + (55 + -39 - (0 - -24) - (-1 - 1))
29
Calculate 58 - (58 + 3 + -50).
47
What is the value of -6 - (-57 + (-61 - (18 - 46)))?
84
Evaluate (-6 + 8 - 10 - (-2 + 9)) + 8 - -30.
23
What is (9 - (2 - 5)) + (2 + 30 - 25)?
19
Calculate 1 + -56 + 51 + 8 + 2 - 10.
-4
1 + -12 + 0 + -6755 + 6759
-7
Evaluate (1 - 96 - (9 - 8)) + (-133 - (53 + -183)).
-99
Calculate 15 - (0 + -19 - (-3 - (-55 - -6))).
80
What is 1 + -3 + -30 - (7220 + -7202)?
-50
What is 0 - 1 - (-16 - (-35 + 8 + 3)) - -22?
13
What is 16 - (23 + 31 + -19 + 15)?
-34
What is the value of (-177 + 97 - 3) + -29?
-112
What is -15 + 49 + -41 + 14 + -2?
5
Calculate -132 + -61 + (138 - -147).
92
Calculate (-6 + 21 - 12) + -2 + 0 - -10.
11
What is the value of (9 - 30) + (